106*o + 48 = 0. Calculate the greatest common factor of 12 and o.
12
Suppose -22*n - 135 = -21*n - 19*u, 16 = 2*u. Let d(a) = a. Let m be d(3). Suppose m*g + g - 68 = 0. What is the greatest common factor of g and n?
17
Suppose -2*p = -4*w + 20, -3*p = w - 3*w + 10. Let z = -95 - -128. Suppose -2*k + w*k = z. What is the highest common divisor of 88 and k?
11
Let g(i) = -i**3 + 24*i**2 - 101*i + 122. Let u be g(19). What is the highest common divisor of u and 5224?
8
Let y = -4625 - -9461. Calculate the greatest common factor of y and 651.
93
Let p = 199 - 194. Suppose p*q = -128 + 243. What is the highest common factor of q and 161?
23
Let z = 819 - 585. Suppose z = 5*b + 44. Let c = b - 32. What is the highest common factor of c and 60?
6
Suppose 0 = -81*m + 200*m - 833. What is the greatest common divisor of m and 56?
7
Let d(m) = 230*m + 2078. Let a be d(-9). Calculate the greatest common divisor of 10312 and a.
8
Suppose c + 10*s - 198 = 9*s, 3*s - 212 = -c. What is the greatest common factor of c and 1719?
191
Let d be (-1254)/(-10) + (-4)/10. Let l be 392/18 - 46/(-207). Suppose -l*x = -10*x - 300. Calculate the highest common divisor of x and d.
25
Let t = -3742 - -3897. What is the greatest common divisor of 62 and t?
31
Suppose 0 = -25*s + 86*s - 3088 - 3254 - 4760. Let u be -3*8*14/(-6). Calculate the greatest common divisor of u and s.
14
Suppose 0 = 2*m - 6, 470 = 6*u + 3*m - 163. What is the greatest common divisor of u and 403?
13
Let l(m) = 2*m**3 + 77*m**2 + 40*m + 132. Let y be l(-38). Calculate the greatest common divisor of 4186 and y.
14
Let v = -761 - -833. Suppose 15 = 5*x, 0*r - x = -3*r + 9. Let h = 12 - r. Calculate the greatest common divisor of h and v.
8
Let k(t) = 378*t**2 + 7*t + 2. Let a be k(-1). Let p = 393 - a. Calculate the greatest common divisor of 180 and p.
20
Let m(n) = 3*n + 27. Let p be m(-9). Let a be ((2 - 2)/(1 - p))/(-2). Suppose q = 5 - a. What is the highest common factor of q and 5?
5
Let s be 113543/51 + (-4)/(-6). Suppose -547 = 24*h - s. Calculate the greatest common factor of 490 and h.
70
Let o be ((-32)/3)/((-122)/183). Let z be 416*(-1*68/o - -5). Calculate the highest common factor of 117 and z.
39
Let f = -32 + 342. Let g = f - 247. What is the highest common divisor of 105 and g?
21
Let k = -115 - -110. Let j be ((-2)/(-4))/(-1*k/360). What is the highest common divisor of j and 288?
36
Let n = -23565 - -36080. Suppose -25*p = -8285 - n. What is the highest common factor of 26 and p?
26
Suppose -4*p + 153 = -5*k, p - 2*p + k + 39 = 0. Let b = 37 + -34. Let s be 1 + b + 0 + 2. What is the greatest common divisor of s and p?
6
Suppose -8*j + 56 = -j. Suppose -f + 18 = z, -j*f + 3*f - 42 = -z. What is the highest common divisor of z and 88?
22
Suppose -34*q - 105024 = -58*q. What is the greatest common factor of q and 8?
8
Suppose 0*a + m = a - 1, 3*a = -5*m + 3. Let s be (a + 1)/(4/8). Let q = -1519 - -1555. What is the highest common divisor of q and s?
4
Suppose 5*z - 123 = 2. Let q be 19/38 - ((-134497)/198 + 5) - 4/(-18). What is the highest common factor of z and q?
25
Let i be (-2)/8 + (-10125)/(-20). Let r(d) = -d**2 + 14*d + 334. Let q be r(-12). What is the greatest common divisor of i and q?
22
Let q be (-1 - (-4371)/12) + 3/(-12). Let x = q + -349. Let d = -24 + 66. What is the greatest common divisor of d and x?
14
Let x = 1200 + -1119. Suppose 0 = -b + 5 + 13. What is the greatest common factor of b and x?
9
Let p(h) = h + 16. Let m be p(-12). Let y = 73 - -9. Suppose -m*o = 2*f - y, -2*o = 5 + 5. What is the greatest common factor of f and 34?
17
Let o(q) = -q**2 + 4*q - 4. Let w be o(5). Let u = w - -18. Suppose -1 + 39 = 4*m - 2*g, 5*m - 2*g = 50. What is the greatest common divisor of m and u?
3
Let i be -258*((-6496)/6)/29. What is the greatest common factor of 129 and i?
43
Let y = -1172 + 798. Let u = -372 - y. What is the highest common factor of u and 68?
2
Suppose 107 = i - 2*f, 5*i = 4*f - 96 + 601. Calculate the highest common divisor of i and 679.
97
Suppose 2*v + 3*y = -13, 3*v + 18 + 29 = y. Let b be (-4)/v + 12060/28 + 9. Calculate the greatest common divisor of 40 and b.
40
Let w be -1 + 1 + 24/84 + (-28917)/(-147). What is the greatest common factor of w and 591?
197
Let j(z) = -36*z - 4. Let s be j(-9). Let k be (-11 + (-1197)/(-95))/(8/50). What is the greatest common factor of s and k?
10
Let y be -2*((-6)/4)/3. Let b be (16 - 62/4)*(-2 - (2 + -2)). Let k be (13 - y)*b/(-2). Calculate the highest common divisor of 54 and k.
6
Let u be (16/(-12) - -1)/((-38)/14250). Calculate the highest common factor of u and 3875.
125
Let y(u) = 303*u**2 + u - 233. Let w be y(11). What is the greatest common factor of 9 and w?
9
Suppose 3*u - 204 - 100 = -4*d, 2*u = -d + 76. What is the highest common factor of d and 2546?
38
Let c = -1160 + 4034. What is the highest common divisor of 6 and c?
6
Suppose t - 1683 + 51 = -4*k, -t + 408 = k. Calculate the highest common factor of k and 102.
102
Let w be 42/28 - -2*1/(-4). Let b be w - (-38)/(-6)*6. Let z = 40 + b. What is the greatest common factor of 33 and z?
3
Let d = 33 - 28. Suppose 70 + 130 = d*i. Let p(y) = -15*y - 50. Let s be p(-4). Calculate the highest common divisor of i and s.
10
Let y(q) = 12*q - 44. Let z be y(-8). Let p be ((-200)/z)/(2/14). Suppose 320 = 4*t + 5*w, 9*t - 4*w = 4*t + 400. What is the highest common factor of t and p?
10
Let f be 6501/341 + 2/(-31). Suppose f = 4*d - 77. What is the highest common factor of d and 444?
12
Let i = 119 + -119. Suppose -p - 338 - 272 = -g, i = -4*g - p + 2415. What is the greatest common divisor of 5 and g?
5
Let d = -3152 + 3253. Calculate the greatest common factor of d and 5959.
101
Let l be -4 - ((-4)/(-5) - 44/5). Suppose f - 4*d = l, d = -3*f + 5*d + 28. Let p be 35/3 - 1/(-3). Calculate the highest common divisor of p and f.
12
Let n be -7 - ((-72)/(-48))/((-4)/176*6). Let f = -6 + 13. Calculate the greatest common factor of f and n.
1
Suppose 5*o - 5*w - 140633 = -56723, 0 = 3*o + 6*w - 50355. Calculate the highest common divisor of 13 and o.
13
Suppose 0 = -2*l + 7*l - 230. Let w = 3 + 15. Suppose -q + 28 = 2*g - w, -g = 2*q - 23. Calculate the greatest common divisor of g and l.
23
Let j be 20/(-1 + 2 + 1 + -1). Suppose 3*b - p - 17 = 3, -3*p + j = b. Suppose -o = -b - 10. Calculate the greatest common factor of 63 and o.
9
Let l be 3/9 + 3/((-36)/2176). Let h = l + 313. Let n be (-1)/(1/(-24)*2). What is the greatest common divisor of h and n?
12
Suppose 3*d = 44*w - 49*w + 10626, 3*d = 6. What is the greatest common factor of 59 and w?
59
Let f(p) = 36*p + 1467. Let s be f(-17). Calculate the greatest common factor of s and 72.
9
Let o be (3/6 - 1)*-32. Let q(t) = -10*t + 4. Let x be -18*(-6)/9*(-2)/4. Let g be q(x). What is the greatest common divisor of o and g?
16
Let j(m) = -22*m**2 + 143*m - 26. Let y(i) = 7*i**2 - 48*i + 9. Let x(a) = -4*j(a) - 11*y(a). Let z be x(5). Calculate the greatest common divisor of 6 and z.
6
Let y = 21067 - 19143. What is the highest common factor of y and 91?
13
Let x(b) = -20*b**2 + 2302*b + 34. Let z be x(115). Calculate the greatest common factor of z and 4224.
264
Suppose 25*i - 69414 = -68414. Calculate the highest common divisor of 188 and i.
4
Let w be 2/(-9) - 3368/72. Let x be (-4 - (w - 0)) + 4. Calculate the greatest common factor of 47 and x.
47
Suppose -7*s = -253 + 4180. Let y = -547 - s. Let o(n) = -n**2 - 10*n - 7. Let t be o(-7). What is the greatest common divisor of y and t?
14
Let a = 32 - 49. Let l = a - -19. Suppose -5*y = -o - 3, -10 = l*o + 4*y - 32. Calculate the greatest common factor of o and 21.
7
Let t = -61 + 55. Let o(v) = v**3 + 8*v**2 - 5*v - 3. Let a be o(t). What is the highest common factor of a and 27?
9
Let b be ((-308)/70 + 4)/((-4)/101700). What is the highest common divisor of 6 and b?
6
Suppose -53*r - 7238 = -6*r. Let p = 118 - r. Calculate the greatest common factor of 340 and p.
68
Suppose f = j + 801, 2*f + 2*j - 675 = 891. What is the greatest common divisor of f and 1012?
44
Suppose h - 3*g = -0*h + 49, -2*g = -2*h + 70. Calculate the greatest common factor of h and 18452.
28
Let x = -126 - -150. Let p = -67 + 71. Let j be 6/(-15) + 408/20 + p. Calculate the grea